s the highest common factor of 16 and k?
16
Suppose 3*y - 7*y + 797 = 3*z, -z + y = -254. Suppose q - 3*c + 4 - 47 = 0, -4*c = -5*q + z. What is the greatest common divisor of 275 and q?
55
Suppose -3*l = 5*i - 539, 3*i + 3*l = 2*i + 103. Suppose 2*q - 456 = -3*d, -2*d - 5*q + i = -195. What is the highest common divisor of d and 342?
38
Suppose 4*q - 799 = 2*t - 465, 2*q - 3*t = 181. What is the greatest common factor of 1424 and q?
16
Let d(o) = -o**3 - 18*o**2 + 38*o - 14. Let p be d(-20). Suppose -8 = p*t - 28*t + 4*v, 4*t - 44 = v. Calculate the highest common factor of t and 18.
6
Suppose 0 = -2*a + r + 6, -3*r + 4*r = -5*a + 29. Suppose -a*o = 10*o + 16230. Let p be o*(-1)/12 - (-7)/(-42). What is the highest common divisor of 10 and p?
10
Let t(q) = 7*q**2 + 4*q + 5. Let x be t(-3). Let w be 404/(-6)*10/(160/24). Let m = -59 - w. What is the greatest common factor of m and x?
14
Let q(y) = 22*y + 69. Let j(m) = -5*m - 67. Let t be j(-14). Let s be q(t). Calculate the highest common divisor of s and 45.
45
Suppose -55 + 96 = 2*g + 5*w, -5*w = 5*g - 65. Calculate the greatest common factor of 332 and g.
4
Let y(x) = -4*x**3 + 91*x**2 + 33*x + 19. Let z be y(23). Suppose 4*u - z - 315 = 0. Calculate the greatest common divisor of 376 and u.
47
Let y = 209 + -192. Suppose y*n - 439 = 3. Calculate the highest common factor of 169 and n.
13
Let t = 5 + -3. Suppose 3*b + 32 = t*j, 0 = 5*b + 14 + 6. Let z = -31 - -35. Calculate the greatest common divisor of z and j.
2
Let n be 3/(-6)*(-2 + 0). Suppose -13*v + 0*v = -39. Suppose -v*t = 3*x - 9, -x - t + 9 = 2*x. What is the highest common factor of n and x?
1
Suppose 3*w - x + 6*x = -22, -x = -w + 6. Suppose -977*m - 24 = -985*m. Let r be 62/248 + m/4 + 0. What is the highest common factor of w and r?
1
Suppose 389 = c - 5*x, -2*c + 4*x - 848 = -4*c. Let b = 433 - c. Suppose -3*p + 418 = -p. Calculate the highest common factor of p and b.
19
Suppose -10*p + 152 + 68 = 0. Suppose 8 = 6*r - p. Suppose r*f - 47 = 28. What is the greatest common divisor of f and 165?
15
Let o be 28/(-3)*(-558)/248. What is the highest common divisor of 1659 and o?
21
Suppose 15 = 4*a + 15. Suppose 5*p - 4 - 21 = a. Suppose 3*q = n + 2*n - 66, p*n + 2*q - 82 = 0. What is the greatest common factor of n and 9?
9
Suppose 12*t = 10*t + 2956. Suppose 2*z - 584 = 2*k + 2*k, t = 5*z - k. Let l be -74*((-1)/(-2) + -1). Calculate the greatest common divisor of l and z.
37
Suppose -5*u + 0 + 5 = 0. Suppose 0 = -z + v - 10, 3*v = z + 1 + u. Let y be (-16)/(-6) + z/21. What is the highest common factor of 34 and y?
2
Let w(d) = 124*d + 2552. Let a be w(-14). Calculate the highest common divisor of 168 and a.
24
Let g(b) = 8*b**2 + 3*b - 3. Let j be g(2). Let n = -109373 + 109380. Calculate the greatest common divisor of n and j.
7
Suppose -9*k = -2*k + 189. Let f = -9 + k. Let q = 51 + f. What is the greatest common divisor of q and 15?
15
Let u be (-217448)/(-280) + 2 + (-8)/5 - 0. Calculate the highest common factor of 21 and u.
21
Suppose -101*k - 9 = -83*k - 153. Calculate the greatest common factor of 7064 and k.
8
Suppose -5*f - 3*n = -55, 4*f + 4*n + 32 = 84. Suppose -2*c + f + 12 = 0. Let l = 133 - 43. What is the highest common factor of c and l?
10
Suppose 0 = -538*c + 537*c + 683. Let b = c + -611. Calculate the highest common factor of 18 and b.
18
Suppose -3*c + 25 = -11. Let s(o) = o**2 - 12*o - 20. Let x be s(13). Let b be (3 + 0 + (-22 - x))*-9. What is the highest common factor of c and b?
12
Suppose -j + 16 = c, -57 = -4*j + 87*c - 84*c. Suppose 5*z + j = 0, -19*z = -4*i - 21*z + 154. What is the highest common divisor of 90 and i?
10
Let r(k) = 12*k - 286. Let m be r(23). Let b be 20/(-12)*-3*(-88)/m. Calculate the greatest common divisor of b and 88.
44
Suppose 18*t - 1038 = 258. Let m be 12/t + (-83)/(-6). Calculate the greatest common divisor of 14 and m.
14
Let k(v) = v**3 - v**2 - 8*v + 4. Let m be k(5). Let i(l) = -156*l - 140. Let t be i(-1). What is the highest common factor of t and m?
16
Suppose -5*f + 178 = 22*b - 24*b, 4*f = 3*b + 141. What is the highest common factor of f and 1308?
12
Let o(j) = -14*j**2 - 1233*j + 88. Let f be o(-88). Calculate the greatest common divisor of 5192 and f.
88
Let m be ((-380)/(-665))/(2/7). Let o be (-123)/6 - 2/(-4). Let u be (-168)/o + (-2)/5. What is the highest common factor of u and m?
2
Suppose -2*x + 4*x = -8. Let w be (-8)/3*(34/x - -4). Suppose 0 = 4*f - w - 128. Calculate the highest common divisor of 14 and f.
7
Suppose 100*p + 187*p = -31*p + 3284940. Calculate the greatest common factor of p and 30.
10
Let u(d) = 160*d**2 + 4480*d + 4. Let b be u(-28). Calculate the greatest common divisor of 892 and b.
4
Let v(u) = 188*u + 1. Let w be v(1). Let t be (-16)/(-6) + -2*275/(-30). Calculate the highest common factor of w and t.
21
Let b(g) = -2*g**2 + 20*g - 28. Suppose 4*w + 16 = 6*w. Let o be b(w). Let f be -6*9/27*(-10)/o. What is the highest common divisor of 1 and f?
1
Suppose 0 = -p - 3*x + 72, -400 = -5*p + 4*x + x. Let c = -250 + 254. Suppose -10 = 6*z - c*z, -t + 2*z = -36. Calculate the greatest common divisor of p and t.
26
Suppose -22*a = -20*a - 84. Let n be (4*(-7)/a)/((-1)/6). Calculate the highest common factor of 4 and n.
4
Let i = -25 - -21. Let z = 1 - i. Suppose p + 33 = t - 2*p, z*p - 245 = -5*t. What is the greatest common divisor of 5 and t?
5
Let l(m) = 12*m**2 - 10*m**2 + 4*m + 10 + 2*m. Let z be l(0). What is the highest common factor of z and 15?
5
Let b = -684 + 860. What is the greatest common divisor of b and 1320?
88
Suppose -109*q + 112*q = 4050. Let k be q/100 - (-3)/(-2). Calculate the greatest common factor of k and 3.
3
Suppose 5*y - 92 - 138 = 0. Let w = -92 + 160. Suppose -22 + w = 2*a. What is the highest common divisor of a and y?
23
Let b(f) = -51*f + 437. Let n be b(7). What is the highest common divisor of n and 136?
8
Suppose -39*x + 30 = -36*x. Let h be -4 - x/(5/1)*-8. Suppose -5*j + 311 + 110 = 3*r, 0 = 4*r + j - 533. Calculate the highest common divisor of h and r.
12
Let r(w) = -142*w + 161. Let i be r(1). Calculate the highest common factor of i and 1843.
19
Let s be 6084/65 + ((-32)/20 - -1). Suppose -3*k - 54 = -63. Calculate the highest common divisor of s and k.
3
Let x(v) = -6*v**3 - 4*v**2 - 3*v + 4. Let w be x(-4). Suppose 0 = 775*n + 416*n - 57168. What is the highest common factor of w and n?
48
Let n = 13 + -11. Suppose 328 = n*q - 2*k, 2*q - 3*k - 239 = 93. Let b = 384 + -364. What is the highest common factor of b and q?
20
Let v be ((-1)/1)/(31/(-899)). Suppose -27*z + v*z = 66. What is the highest common factor of z and 1?
1
Let c(u) = u + 3. Let k be c(4). Suppose k*o = 3*o + 20. Let j = 128581 - 128566. Calculate the highest common factor of o and j.
5
Let f = -10647 - -11362. What is the highest common divisor of 325 and f?
65
Let y = 16866 + -16786. Suppose j - 780 = -5*r + 6*j, -2*r = 2*j - 328. What is the greatest common divisor of r and y?
80
Let j(o) = 2*o - 85. Let d(c) = -3*c + 85. Let f(g) = -7*d(g) - 6*j(g). Let t be f(10). Calculate the highest common factor of 45 and t.
5
Let d(l) = 13*l**2 + 41*l - 5. Let q be d(-5). Calculate the highest common divisor of 1955 and q.
115
Let r(z) = 4*z**2 + 8*z + 1627. Let g be r(-33). What is the greatest common factor of 133 and g?
133
Let z = -21505 + 31505. Calculate the greatest common factor of 120 and z.
40
Let x(p) be the first derivative of 2*p**3/3 + 2*p**2 - 8*p - 50. Let g be x(3). What is the greatest common factor of 11 and g?
11
Let p be ((-1920)/256)/(5/(-252)). What is the greatest common divisor of p and 1350?
54
Let y = 21377 - 21047. What is the greatest common divisor of 88 and y?
22
Let b(i) = i**3 - i**2 - 7*i + 3. Let k be b(3). Let y be 20/5 - (k - 2). Suppose 0*q = -q, -30 = -5*m + 5*q. What is the greatest common divisor of y and m?
6
Let i(a) = -a**3 + 20*a**2 + 25*a + 6. Let o be i(21). Let l be ((-50)/(-2) - 1)*o/(-36). Let b = l - -164. Calculate the highest common factor of 13 and b.
13
Let f(c) = 62*c - 24. Let x be f(4). Suppose -9*r + 154 = -x. Calculate the greatest common factor of r and 112.
14
Let l(a) = -a**3 + 8*a**2 + 24*a - 161. Let y be l(8). Calculate the greatest common factor of 5611 and y